 of 3*h**3/2 - h**2/2 - 4*h. What is the units digit of r(2)?
7
Suppose -4*z - t = 21, -6 = -z - 4*t - 0. Let o = z - -11. Suppose 5 = 5*x - 4*a, x = -0*x + o*a - 20. What is the units digit of x?
5
Let l(o) = -o**3 + 7*o**2 + 3*o + 18. What is the tens digit of l(-5)?
0
Suppose 6 + 3 = 2*g - s, g + 2*s - 7 = 0. Let f = -1 + g. What is the units digit of f/(-10)*(-5 + 0)?
2
Let p = 5 + -2. Suppose -2*d + 11 + 2 = -3*u, -17 = 2*u - p*d. What is the units digit of u*3*28/(-6)?
4
Let v(f) = f**3 + 7*f**2 + f + 10. Let u be v(-7). Suppose 0 = -u*y - 5 - 4. What is the units digit of 1 - (2 + y)*1?
2
Let x be ((-28)/(-35))/((-2)/(-20)). Suppose 0 = 5*h - h - x. What is the units digit of h?
2
Suppose g + 2 = 45. What is the units digit of g?
3
Let w(v) = -v**2 - 9*v + 10. Let b be w(-9). Suppose 0 = -3*o + 2 + b. What is the units digit of o?
4
Suppose -k = -2*k + 9. Let u = -4 + 6. What is the units digit of k - (u - 0/3)?
7
Let z(y) = y**3 + 18*y**2 + 32*y + 7. What is the units digit of z(-15)?
2
Let o(p) = p**2 + 3*p - 4. Let w be o(-5). Let g(i) = 10*i - 6. What is the tens digit of g(w)?
5
Suppose 242 = 2*b + 22. What is the units digit of b?
0
Let j = 9 + -7. Suppose 1 = 3*i - j. What is the units digit of i?
1
What is the units digit of -2 + (-4)/(16/(-124))?
9
Suppose 5*g = -20, -5*k - 11 = 4*g + 5. Let d = k - -5. What is the units digit of d?
5
Suppose -z - 4*z = -50. Suppose -5*m = -z*m - 5. What is the units digit of m - -1 - (-5)/1?
5
Let t = -254 + 463. What is the units digit of t?
9
Suppose 19 = z - 16. What is the units digit of z?
5
Suppose -4*h = -8, -w = h - 3 - 2. Suppose 0 = 5*j + 8 - w, -4*n + 2*j + 154 = 0. What is the units digit of n?
8
Suppose 0 = 3*u - 3*z - 45, -5*u - 4*z + 4 + 80 = 0. What is the units digit of u?
6
Suppose -10*p + 906 = -4*p. What is the tens digit of p?
5
Let q be ((-6)/9)/((-2)/123). Suppose -3*k + 4*y + q = -y, -k - y = -19. Suppose 2*z + 42 = 4*c, 5*c - 2*z = k + 33. What is the units digit of c?
8
Let u = -6 - 14. Let j = u + 36. What is the units digit of j?
6
What is the tens digit of (3 + 0)/(6 + 9849/(-1645))?
3
Let k = -119 - -133. What is the tens digit of k?
1
Suppose 1 = -5*m - 5*w - 14, 3*m - w = 11. Suppose 4*x = -2*v + 26, -4*v = v + m*x - 25. Suppose 0 = v*l - 1 - 14. What is the units digit of l?
5
Let x(v) = -v - 2. Let q be x(-3). Let k(m) be the second derivative of 6*m**5/5 - m**2/2 - 8*m. What is the tens digit of k(q)?
2
Let y = 88 + -42. What is the tens digit of y?
4
What is the hundreds digit of 0 + 1 + -1 + 104?
1
Suppose -163 = 4*w - 2*i + 161, 0 = -2*w - 4*i - 162. Let y = w - -115. What is the units digit of y?
4
Let r be (-3 - -1) + 1 - -2. What is the tens digit of ((-8)/20)/r*-60?
2
Let h(z) be the second derivative of z**5/20 - z**4/3 - z**3 - 3*z**2/2 - 3*z. What is the tens digit of h(6)?
3
Let b be (-3)/(4 - (2 + 1)). What is the units digit of 1 + 16*(-3)/b?
7
Let d(i) = -i - 2. Let t be d(-4). Suppose 4*z + t*q + q = 7, -5*z = 2*q - 7. What is the units digit of z?
1
Let j be 1/(2 + -1) - -5. Let w(x) = -8*x + 1 + 3 + j*x. What is the units digit of w(-3)?
0
Let t(k) = -k**3 + 16*k**2 + k - 1. What is the tens digit of t(15)?
3
Let h = -21 + 30. Let c = h - -11. What is the tens digit of (24/15)/(2/c)?
1
Suppose r = 4*z - z - 198, 2*r = 5*z - 331. What is the tens digit of z?
6
Let n be (-2 - 0) + (-5 - 0). Let a = n + 7. Let r = 5 + a. What is the units digit of r?
5
What is the units digit of (-1 + 3)*9 + 0?
8
Suppose 0 = -2*w - 3*v + 19, 40 = w + 4*w + 5*v. Suppose 2*j + 39 = 4*l - j, -5*l + 40 = w*j. Let n = l + 1. What is the units digit of n?
0
Let v(l) be the first derivative of l**3/3 - l**2 - 2*l + 2. Let d be v(3). Let u = d - -1. What is the units digit of u?
2
What is the units digit of 159/(-2)*(-2 + 14/21)?
6
Suppose 2*n - 107 = 97. Suppose -u - n = -4*u. What is the units digit of u?
4
Suppose 2*p - 11 = -0*p - 5*u, -4*u = -3*p + 28. What is the units digit of p?
8
Suppose 4*t - 24 = -8. Suppose -2*w - 3*f + 7*f + 22 = 0, t*w - 109 = -5*f. What is the tens digit of w?
2
Suppose -n = -9 + 1. Let j be (n/6)/((-8)/(-12)). Suppose -a = 2, w - 26 = -j*w - 5*a. What is the tens digit of w?
1
Suppose u - 2*u + 2 = 0. Suppose -a - u*a + 96 = 3*l, 3*a - 22 = -l. What is the tens digit of l?
3
Let f be (35/10)/((-2)/(-4)). Suppose n = -0*n + 20. Let z = n - f. What is the units digit of z?
3
Let z be ((-2)/3)/((-4)/12). Suppose -b + 24 = z*b. Suppose -32 = -4*i - b. What is the units digit of i?
6
Let n(u) = u**2 - 5*u - 26. What is the tens digit of n(13)?
7
Suppose -2*s - 3*s = -20. Let w = 4 + s. What is the units digit of w?
8
Let s(l) = l**2 + 2*l - 5. Let w be (-102)/(-27) - (-4)/18. Let f be s(w). Suppose 3*i = -x + f, -5*x = -5*i + 4 + 1. What is the units digit of x?
4
Suppose -6*z + 99 = -3*z. Let b = 46 - z. What is the units digit of b?
3
Let a(g) = -4*g. Let s be a(-3). Suppose -z = 3*k - 6*k - s, 0 = -5*k - 15. Suppose -3*o + 20 = 2*q, 4*q = -17 - z. What is the tens digit of o?
1
Let z = -26 + 126. Suppose 3*j - 7*j = -z. What is the units digit of j?
5
Let d = 374 - 239. What is the tens digit of d?
3
Let k(o) be the third derivative of -o**5/60 + 17*o**4/24 - 23*o**3/6 - 4*o**2. What is the units digit of k(10)?
7
Let g = 17 - -86. What is the units digit of g?
3
Let v = 1 - -4. Suppose v*w - 78 = 7. What is the tens digit of w?
1
What is the units digit of ((-93)/(-3))/((-1)/(-2))?
2
Let q(h) = 2*h**2 - 3*h - 8. What is the tens digit of q(-3)?
1
Let p = -53 + 95. What is the tens digit of p?
4
Let t be 2 - (-3 - (67 + 2)). Let s be (10/(-6))/(9/(-27)). Suppose 5*m - s*n + 4 = t, -m - 4*n + 4 = 0. What is the units digit of m?
2
Suppose -n = -0*n - 4*k - 216, 3*n - k - 593 = 0. What is the units digit of n?
6
Let r(k) = -k**2 + 5*k + 8. Let i = -7 + 12. Suppose -b + 3*w + i = 2, -2*b - 2*w = -14. What is the units digit of r(b)?
2
Let t = -7 + 9. What is the tens digit of t/((-4)/(-2))*30?
3
Let n(d) = 3*d**2 + 1. Let t be n(1). Suppose 0 = t*b + 1 + 7. What is the units digit of (-7)/b + (-5)/(-10)?
4
Let o(s) be the first derivative of -3*s**2 + 3*s + 3. Let l be o(-8). Suppose 9 + l = 5*m. What is the tens digit of m?
1
Let n = -43 - -73. What is the units digit of n?
0
Let k = -15 + 6. Let t be (2 + k/6)*-2. What is the tens digit of (-1*5)/(t/2)?
1
Let j(t) = -4*t**2 - 2*t - 4. Let q(v) = 4*v**2 + 3*v + 3. Let h(n) = 3*j(n) + 4*q(n). What is the units digit of h(-4)?
0
Let p(l) = -5*l**3 - 11*l**2 - 5*l + 5. What is the hundreds digit of p(-5)?
3
Let m(c) = -4 + 12*c - c + 2 + c**2. What is the units digit of m(-12)?
0
Let h be (-3)/(-15) - (-11)/(-5). Let y be 90/21 + h/7. Suppose -5*t - y*s = -10 + 1, s = -5*t + 6. What is the units digit of t?
1
Let d be 6*2*(-15)/(-20). Let l(j) = j**2 - 3*j - 9. What is the units digit of l(d)?
5
Suppose h = -4*h - 5. What is the units digit of (6 - 0 - h) + -3?
4
Let t = 10 - -18. What is the tens digit of t?
2
Suppose 2*m + 3*m = -4*t + 857, t = 4*m + 209. What is the hundreds digit of t?
2
Suppose -5*m - 2*c - 66 = 0, 0*c - 44 = 3*m - c. Let s be 8/3*(-150)/(-20). Let u = s + m. What is the units digit of u?
6
Suppose i + 0*i = 5*r - 4, -2*i = -4*r + 8. Let b be ((-3)/6 + 1)*r. Suppose -5*f + 35 = -b*f + c, 5*c - 25 = 0. What is the units digit of f?
6
Let k = -3 - 4. Let p(a) = 14*a**3 + 29*a**2 - 29*a + 41. Let r(b) = 5*b**3 + 10*b**2 - 10*b + 14. Let w(t) = 4*p(t) - 11*r(t). What is the units digit of w(k)?
3
Let w(m) = -m + 14. Suppose -5*v - 18 = 4*l, v - 4*l - 2 = -20. What is the units digit of w(v)?
0
Let z = 6 - 6. Suppose -2*b - 44 = -2*k - z*b, 3*b = 4*k - 88. What is the tens digit of k?
2
Let h be (-15)/(-4) + 33/(-44). Suppose h*z - 8*z + 55 = 0. Suppose 0 = -5*k + 29 + z. What is the units digit of k?
8
Suppose -j + 73 + 6 = 5*t, 2*t = -3*j + 198. What is the units digit of j?
4
Let t(c) = c**3 - 5*c**2 - 6*c. Let g be t(6). Suppose -4*a + 6*a - 10 = g. What is the units digit of a?
5
Suppose -z + 6*z - 10 = 3*k, -5*z - 3*k = -10. What is the units digit of (-11)/(-2)*4/z?
1
Let o(t) = t - 1. Let r(n) = n - 10. Let l(p) = 4*o(p) - r(p). Let x be l(-6). What is the units digit of -12*3*3/x?
9
What is the units digit of -2 - (-3)/1 - -3?
4
Suppose 9*a = -6*a + 5265. What is 